se i*p + 18 = 8*p. Suppose 4*d = 3*o - 192, 5*o + 3*d - p = 302. What is the units digit of o?
4
Let x = 2312 - 1562. Suppose -2*z - x = -2326. What is the tens digit of z?
8
Let k(b) = 31*b**3 + 8*b**2 + 50*b + 25. What is the thousands digit of k(6)?
7
Let d(i) = 2*i**2 - 22*i - 1. Let z(c) = -5*c**2 + 44*c + 2. Let b(y) = 7*d(y) + 3*z(y). What is the units digit of b(-17)?
4
What is the hundreds digit of ((-11)/(165/(-414)))/(-7*(-1)/3780)?
9
Suppose -2*i - 3 = 4*h - 13, -h = -5*i - 30. Suppose -h*u + 302 + 1493 = 0. What is the units digit of u?
9
Suppose 5*x + 3*a - 3075 = 0, 5*x = -0*x - 5*a + 3085. Suppose -604*v + x*v - 8176 = 0. What is the thousands digit of v?
1
Let a(p) = 4*p**3 - 4*p**2 + 2*p. Let q be a(7). Suppose 5*x - 2*v = q, 714 + 238 = 4*x - 3*v. Let i = x + -131. What is the units digit of i?
7
Suppose -5*b - 2*o = -13422, -2*b - 4*o - 2232 + 7588 = 0. What is the thousands digit of b?
2
Let p = -2704 + 14583. What is the ten thousands digit of p?
1
Suppose 16*i - 21951 = 14*i + 5*c, 5*c - 10953 = -i. What is the units digit of i?
8
Suppose 125*l - 5*m - 446510 = 120*l, 5*l + 2*m - 446447 = 0. What is the thousands digit of l?
9
Suppose -58*a + 60*a - c = -22, -16 = 4*a + 5*c. What is the hundreds digit of a + -2 + 1678 + 1?
6
Let x = -61 - -63. Suppose -9*v + x*v = 1526. Let o = v + 344. What is the tens digit of o?
2
Let k(d) = 16*d**2 + 214*d - 36. What is the units digit of k(-28)?
6
What is the hundreds digit of (784/294)/(8/1374)?
4
Let z = -94 - -96. Suppose x + 144 + 397 = 3*n, -379 = -z*n - 3*x. What is the tens digit of n?
8
Let l be 150/4*((-8)/(-10))/1. Suppose 36*u - 3174 = l*u. What is the hundreds digit of u?
5
Let x be 0/(1/((-5)/5)). Suppose x = -27*w - 13*w + 16640. What is the units digit of w?
6
Let f = 135 + -65. Let q = f + -172. Let n = -50 - q. What is the tens digit of n?
5
Let x be (36/20 + -3)/((-6)/(-15)). Let g = x + 69. What is the tens digit of g?
6
Suppose 0 = -3*m - 4*x - 16, -5*x + 13 = m. Let b be 686*1 + (m - -5) + 6. What is the units digit of 4/(20/b) - 2?
5
What is the thousands digit of 52/(-39)*5535/(-2)?
3
Suppose 3*u + 11 = 2*c, -c + 20 = 2*c - u. Suppose -4*f = 2*a + 8, a - 3 = 3*f - c. Suppose 5*x + 110 = 4*j, -j + f*j + 5*x = -20. What is the units digit of j?
0
Suppose 127*y - 100*y - 4158 = 0. What is the units digit of y?
4
Let h(n) = n + 4. Let r(i) = -420*i + 7. Let p(c) = 5*h(c) + r(c). What is the hundreds digit of p(-2)?
8
Let k(n) = -n**2 + 1017*n - 297. What is the ten thousands digit of k(50)?
4
Let i = -64863 + 98192. What is the tens digit of i?
2
Let i(d) = 7*d**3 - 6*d**2 - 417*d - 24. What is the thousands digit of i(19)?
7
Suppose 22*w + 4 = 23*w. Suppose 5*a + 523 = w*i, -2*i + 0*a = -4*a - 254. What is the units digit of i?
7
What is the ten thousands digit of 188968/15 + (-29)/((-4350)/20)?
1
Let j = 3 - 112. Let d = j - -271. What is the hundreds digit of d?
1
Let b = 12404 - 1016. What is the thousands digit of b?
1
Suppose 16 - 2 = 14*l. What is the tens digit of l - -150 - (-39 - -38)?
5
Suppose -g - 20 - 25 = 0. What is the tens digit of 1 + (-5022)/g + 3/(-5)?
1
Let f be ((-140)/(-16) + -8)*4. Suppose 0 = -f*l - z + 3171, 9*z - 4*z = 0. What is the hundreds digit of l?
0
Let y(k) = 228*k + 185. Let p(j) = 76*j + 61. Let m(i) = -8*p(i) + 3*y(i). What is the hundreds digit of m(5)?
4
Let b = 541 + -537. Suppose -16 = b*l, 6*q + 5172 = 10*q + l. What is the thousands digit of q?
1
Suppose 500406 = 65*c - 375794. What is the hundreds digit of c?
4
Suppose -j = -4*v + 7568, v + v + 5*j = 3784. Suppose -2*z - v = -6*z. Suppose 8*g - 63 = z. What is the units digit of g?
7
Let b(u) = 82*u**2 + 31*u + 12. What is the units digit of b(8)?
8
Suppose 2*h - h = 16. Suppose -i = 70 - h. Let f = -23 - i. What is the tens digit of f?
3
Suppose 0 = 2*m + 4*r - 8 - 2, -m + 7 = 3*r. Suppose -w + 14 = m. Let u = 9 + w. What is the units digit of u?
2
Suppose -5*l + 11*l = 10*l. Suppose 4*a + 4 = -4*i, 2*i + l*a + 4*a = -2. What is the units digit of i + -2*(2 - (-430)/(-4))?
0
Suppose 1382*h - 31808 = 1378*h + 4*d, -4*h = -5*d - 31808. What is the thousands digit of h?
7
Let s(j) = -4*j**3 + 3*j**2 - 14*j + 40. Let l be s(-9). Suppose 29*o = 24*o + l. What is the units digit of o?
5
Suppose -4*y - 8 = 3*g - 5*y, -10 = g - 4*y. What is the units digit of g*(-5 - (-408)/(-16))?
1
Let d be 1/(-3) - (-4756)/12. Let s = 818 - d. What is the units digit of s?
2
Suppose -2*j - 481*t + 486*t = -1774, -3*j - 3*t + 2724 = 0. What is the tens digit of j?
0
Let k(c) be the first derivative of -201*c**2 + 7*c + 65. What is the tens digit of k(-1)?
0
Suppose 2*h + 2*h = -n + 382, n - 5*h - 382 = 0. Let w = n + 37. What is the hundreds digit of w?
4
Let x(f) = 27*f + 5177. What is the thousands digit of x(0)?
5
Let g be 2/(-6 - 17227/(-2870)). Suppose 0*x + 4028 = 5*x - 4*p, -g = -x - 4*p. What is the hundreds digit of x?
8
Let h(n) = -n**2 + 62*n. Let f(w) = -w**3 + 17*w**2 - 18*w + 59. Let a be f(16). What is the hundreds digit of h(a)?
9
Suppose 8*m - 94900 = -5*m. Suppose -5*c + m = -k, 108*c + 5*k - 5869 = 104*c. What is the hundreds digit of c?
4
Let b(q) be the third derivative of q**6/120 - 19*q**5/60 - 9*q**3/2 - 34*q**2 - 2*q. What is the tens digit of b(20)?
7
Suppose -154344 = -8*c - 141*w + 137*w, 2*c - w - 38586 = 0. What is the ten thousands digit of c?
1
Let c = -11748 + 23015. What is the thousands digit of c?
1
Let h(a) = -2*a - 4. Let n be h(0). What is the tens digit of (-3314)/n - (-24)/16?
3
Suppose 2*z + 638 = 4*z. Suppose m + 3*m = -2*o + 202, 3*o - z = -2*m. Suppose o = n + 31. What is the units digit of n?
8
Let j(r) = 9*r**2 - 8*r + 6. Let c be j(7). Let l = -265 + c. Suppose 0 = 131*v - l*v - 1495. What is the units digit of v?
9
Suppose -3*h - 2*h + 3*i - 39 = 0, 0 = 3*i - 9. What is the units digit of (7/(-14))/((-9)/h)*-591?
7
Suppose 4*n + n - 4*r = 926, 3*n + 5*r = 563. Let c be (-2)/11*1 - n/66. What is the tens digit of 16/(4/(c - -19))?
6
Let k(w) = 213*w**2 + 52*w + 99. What is the hundreds digit of k(-9)?
8
Let n(w) = -5*w**3 - 6*w**2 + 3*w + 26. Let r = 80 - 84. What is the units digit of n(r)?
8
Suppose -166580 = -17*w - 15220 + 6281. What is the units digit of w?
3
Let r(s) = -s + 1. Let f(n) = 16*n**3 + 9*n**2 + 3*n - 10. Let l(d) = f(d) - 4*r(d). What is the units digit of l(4)?
2
Suppose -35645 = -5*k - 5*a, 5*k - 39006 = -a - 3393. What is the units digit of k?
1
Let c = -52 - -52. Let g be 32/6 - (12/9 + c). Suppose 0 = -5*l - z + 539 + 465, g*l + 4*z = 800. What is the units digit of l?
1
Let t(z) = -2*z**3 + 4*z**2 + 19*z + 140. What is the hundreds digit of t(-10)?
3
Suppose -4*o + 23137 = -5*j, -j - 3820 = 2*o - 15399. What is the units digit of o?
8
Let o = -702 - -1232. Suppose 0 = -5*d - h + 670, 2*d = -2*d - 2*h + o. What is the tens digit of ((-192)/(-10))/(18/d)?
4
Suppose 0 = 26*y - 24*y + 3728. Let r = y + -2349. What is the tens digit of (-2)/(-7) + r/(-77)?
5
Let g = 2132 - -5055. What is the units digit of g?
7
Suppose 2*t - 5*b - 2505 = -0*b, 4*t = -5*b + 5055. Suppose 40*h = 37*h + t. What is the tens digit of h?
2
Let j(z) = 557*z + 857. What is the thousands digit of j(34)?
9
Let p be 3 + -2 + 0 - (-10)/10. Suppose c + p*q = 88, -c = -3*c + q + 196. Let l = c - 61. What is the units digit of l?
5
Suppose 0 = 33*b + 26*b - 376538. What is the units digit of b?
2
Let m(f) = -36*f**3 + 6*f**2 - 35*f - 358. What is the tens digit of m(-8)?
3
Let r(c) = c**3 - 20*c**2 - 20*c - 8. Let s be r(21). Suppose -20*n + 28 = -s*n. Suppose n*h + 4*i - 353 = h, 5*h - 2*i - 545 = 0. What is the units digit of h?
1
Suppose 4*o - 1031 = d, -d = -5*o - 5*d + 1294. Suppose 0*j - 2*j = 212. Let n = o + j. What is the tens digit of n?
5
Suppose -16*z = -14*z - 186. Let p(c) = -247*c + z*c + 11*c - 8. What is the units digit of p(-1)?
5
What is the tens digit of (5984/(-6) - 18/(-6))*-3?
8
Let c(w) be the third derivative of w**4/6 - w**3/6 - 92*w**2 + 5. Suppose -m = 4, 2*l = 3*m - 8*m - 14. What is the units digit of c(l)?
1
Let j be 5468/8 + (-15)/10. Suppose 0 = -8*w + 10*w - j. What is the tens digit of w?
4
Let b = -11201 - -18953. What is the tens digit of b?
5
What is the thousands digit of (2 - 3381)/(45/(-495))?
7
Let z be (((-20)